ided by 62.
55
Let y(z) = -7 - 4*z + 5*z - 6*z. Let o be y(-6). Suppose 3*v = 5*v + c - o, -35 = -3*v - c. What is the remainder when 22 is divided by v?
10
Suppose 0 = -4*p - p - 125. Let w = p + 51. Suppose -w = -x - x. What is the remainder when 25 is divided by x?
12
Suppose -3*k = -8*k + 75. Calculate the remainder when 71 is divided by k.
11
Let f(z) = 3*z**2 - z + 4. Let b(j) = j**2 - 43*j + 166. What is the remainder when f(3) is divided by b(4)?
8
Let v = 18 - 12. Suppose 19 = 5*w - 3*p, -4*w + 3*p - 7*p = -28. Calculate the remainder when (-20)/3*(-12)/w is divided by v.
4
Suppose 0 = 4*k - 5*k + 10. Calculate the remainder when 36 is divided by k.
6
Suppose 3*s = 5*s. Suppose 0 = 5*m + 2*p + 10, m + 9 = -3*p + 20. Calculate the remainder when 14 is divided by (-4 - s)*(-6 - m).
6
Let n(h) = 2*h + 3. Let p be n(-3). Let z(x) = x**2 + 3*x + 4. Calculate the remainder when z(-4) is divided by (0 + -3)/(p/5).
3
Let j = 15 - 8. Suppose 3*h + 68 = j*h. Calculate the remainder when 49 is divided by h.
15
Suppose -2*l = -4*d + 22, 4*d - 5*l = -0*l + 7. Let a = -7 + 11. Suppose w + 5*n + 5 = 2*w, -a*w - n = -20. What is the remainder when d is divided by w?
3
Let h be -10*(99/(-15) + 1). Suppose 109 = 5*s - h. Suppose 6*u - 3*u - s = 0. Calculate the remainder when 32 is divided by u.
10
Let w be ((-2)/(-6))/(3/18). Suppose d - 3 = w. Suppose 36 - 11 = d*h. What is the remainder when h is divided by 2?
1
Let m be (-16)/6*126/(-24). Let i = 25 - m. What is the remainder when i is divided by 3?
2
Calculate the remainder when 5/(-2)*296/(-20) is divided by 10.
7
Let n(x) = x**2 - 9*x - 1. Calculate the remainder when n(-6) is divided by 23.
20
Suppose 0*p - p = -10. Let y(m) = 13*m - 9. Let l be y(-7). Let k = -62 - l. Calculate the remainder when k is divided by p.
8
Let b = 1 + 8. Suppose -5*z + 3*o = b, -z + 5*z - o + 3 = 0. Suppose 0 = w - z*w - 15. Calculate the remainder when 29 is divided by w.
14
Let f be 1/(-1*(-1)/(-19)). Let h = -3 - f. Suppose -5*u - 115 = -3*d, 9*d - 4*d - 3*u = 165. Calculate the remainder when d is divided by h.
14
Let y(o) = 9 + o**3 + 4 - 2*o**3 + 4*o**2 + 6*o**2. What is the remainder when y(10) is divided by 4?
1
Suppose h = -0*h. Let i be -1 - (h + 0 - -1). Calculate the remainder when 34 is divided by 2/((-39)/(-18) + i).
10
Let t(u) = u**2 - 6*u + 5. Let i(w) = 5*w + 3. Let r be i(5). Suppose 0 = -2*v - 0*v + r. What is the remainder when v is divided by t(6)?
4
Let b(k) = -4*k - 6. Suppose j = 5*l - 8, 3*l + 2*j + 4 = 14. Calculate the remainder when 29 - (2 + (l - 2)) is divided by b(-5).
13
Let b = -17 + 64. Calculate the remainder when b is divided by 10.
7
Let a = -27 + 50. Calculate the remainder when 44 is divided by a.
21
Let z be 3*2/(-4)*2. What is the remainder when ((-38)/z)/(4/6) is divided by 5?
4
Let n = -43 + 49. Calculate the remainder when 14 is divided by n.
2
Suppose 5*p + 3*u = 79 - 13, -p = 4*u - 3. Let q(t) = t**2 + t - 4. Let f(o) = -o**2 - 4*o. Let w be f(-3). Calculate the remainder when p is divided by q(w).
7
Let q(g) = g**3 + 5*g**2 + 3*g - 2. Let y be q(-4). Suppose 21 = -y*o + 3*o. What is the remainder when o is divided by 8?
5
Let m(o) = 2*o**2. Let g be m(1). Suppose -t = 4, -g*t + 162 + 182 = -4*a. Calculate the remainder when (a/(-20))/((-1)/(-5)) is divided by 8.
6
Let c = -29 - -36. Calculate the remainder when 89 is divided by c.
5
Let t(y) = 2*y - 2. Let p be t(3). Suppose -p*l - 2 + 142 = 0. What is the remainder when l is divided by 9?
8
Let r = 177 + -41. Calculate the remainder when r is divided by 35.
31
Let y(c) = 1 + 20*c - 8*c - 4. Suppose 2*k + 6 = 4*k. What is the remainder when y(k) is divided by 12?
9
Suppose 3 = 3*f - 2*f. Suppose -2*r + 5*t = 4 - 0, -3*r - 1 = -5*t. What is the remainder when f is divided by r?
0
Let u = 10 - -19. Calculate the remainder when u is divided by 3/(3/(-16)*-2).
5
Suppose 0 = -4*x - x + 65. Calculate the remainder when 6/(-4)*(-152)/6 is divided by x.
12
Let a(b) = -b**3 - 3*b**2 + 10*b + 3. What is the remainder when a(-6) is divided by 27?
24
Let f(y) = -3*y + 3 + 2*y + 2*y. Let n be 2/(-1) - (2 + -8). What is the remainder when f(n) is divided by 3?
1
Suppose -5*r = -491 - 14. Calculate the remainder when r is divided by 13.
10
Let s be 6*((-27)/(-6) - 1). Suppose 0*t = -3*t + s. Suppose 2*l - 2 = -2*b, -10 - 6 = -2*b + 5*l. What is the remainder when t is divided by b?
1
Let d(n) = n**2 + 8*n + 5. Let j be d(-6). Let u = j + 11. Let l(r) = r**3 - 3*r**2 - 4*r + 5. What is the remainder when l(u) is divided by 3?
2
Suppose 0*t - t = -20. Calculate the remainder when 37 is divided by t.
17
Suppose 3*t = 5*o + t - 196, 4*t + 32 = o. Calculate the remainder when o is divided by 14.
12
What is the remainder when 20 is divided by (-66)/(-9) + (-2)/6?
6
What is the remainder when ((-6)/(-4))/1*(54 + 4) is divided by 18?
15
Let i = 40 - 15. Calculate the remainder when i is divided by 6.
1
Suppose r = 0, p - 3*r + 2 = 3*p. What is the remainder when ((-6)/(-15))/(6/15) is divided by p?
0
Let a = -27 - -73. Calculate the remainder when 178 is divided by a.
40
Let v = 0 - -9. Suppose 0 = 3*s - v - 39. What is the remainder when s is divided by 10 + -2*(-1)/(-2)?
7
Calculate the remainder when 531/(-6)*6/(-9) is divided by 20.
19
Suppose -3*i = 2*n + i - 2, -3*n = -3*i + 24. Calculate the remainder when 78 is divided by (6/n)/((-26)/585).
24
Suppose -10*g + 13*g = 39. Calculate the remainder when (4/(-6))/(12/(-450)) is divided by g.
12
Suppose -3*r + 7*r = 12. Suppose -3*m - 6*t = -3*t - 9, r*m + t = 11. Calculate the remainder when 10 is divided by m.
2
Let j = -2 - -1. Let n be -2 + (j - -2)*2. Suppose n*k + 80 = 5*k. Calculate the remainder when 46 is divided by k.
14
Let m(s) = -2*s**3 - 4*s**2 - 3*s - 1. Calculate the remainder when (-32)/176 - (-101)/11 is divided by m(-2).
4
Let g(h) = h**2 + 5*h + 7. Suppose 48 = -5*f + 168. Calculate the remainder when f is divided by g(-6).
11
Suppose -5*d + 65 = -4*y, 6*y - 2*y - 7 = -3*d. Let n = -83 + 143. Let w = n - 27. Calculate the remainder when w is divided by d.
6
Suppose -4*g - 1 = -4*z + 3*z, -15 = -5*g. Let t = 156 + -106. What is the remainder when t is divided by z?
11
Let m be (-35)/(-15) + (-2)/6. Suppose -2*j + m*x + 42 = 0, -5*j + 4*x = -25 - 84. What is the remainder when j is divided by 13?
12
Let s = -48 - -73. Calculate the remainder when 47 is divided by s.
22
Let c be (14/56)/(1/8). Suppose 0*d + c*d - 36 = -2*v, 0 = 4*v - 3*d - 65. Calculate the remainder when 83 is divided by v.
15
Let a(q) = q**2 + 4*q - 5. Suppose 2*t + 16 = 2*n, -5*t = -13 + 3. What is the remainder when a(-7) is divided by n?
6
Suppose 0 = t + v - 25, 4*v + 17 = -5*t + 141. What is the remainder when t is divided by 714/78 - 11/((-572)/(-8))?
6
Let u(i) = -i**3 - i**2 + i + 7. Suppose 6 = 4*g + 2*k - 4, 2*g + 20 = 4*k. What is the remainder when 20 is divided by u(g)?
6
Suppose -3*t + 4 = -2*t - 3*n, -5*n - 20 = -3*t. Let g = 3 - -3. What is the remainder when t is divided by g?
4
Let u = 23 - -4. Suppose -71 = -4*b + 117. Let h = b - 33. What is the remainder when u is divided by h?
13
Let q(a) = 3*a. Let o be q(-9). Let j = o + 44. Calculate the remainder when 49 is divided by j.
15
Let u = -7 + 14. Let p = u + -6. Let c = 7 + -5. Calculate the remainder when c is divided by p.
0
Suppose 5*h = 2*o + 90, -h = 4*h - 5*o - 90. What is the remainder when h is divided by 5?
3
Let o = 26 - 11. Suppose 20*a - 38 = 62. What is the remainder when 129/o + (-4)/(-10) is divided by a?
4
What is the remainder when (-39)/(-26)*58/3 is divided by 15?
14
Let z(d) = 12*d**3 - d**2 + 1. What is the remainder when 22 is divided by z(1)?
10
Let o(j) = -j**3 - 6*j**2 - 7*j - 10. What is the remainder when o(-7) is divided by -1 + 3 + -5 + 18?
13
Suppose -n = -4*n + 24. Suppose 4*k + l = 27 - 2, 3*l = 15. Calculate the remainder when n is divided by k.
3
Let n(z) = 4*z - 3. Suppose -y + f + 108 = 2*y, 4*y + f - 144 = 0. Calculate the remainder when y is divided by n(4).
10
Let m(u) = 37*u**3 + u**2 - 3*u + 2. Let v be m(2). Let k be (v/20)/((-1)/(-10)). Suppose -c + 5*c = k. Calculate the remainder when c is divided by 13.
11
Let z be 1 + 1 - (-14 - -1). Suppose -3*p = -2*l - z, -4*p = -l - 0*p - 15. Let 